pose 2*o - k*o = -21. Calculate the highest common factor of 14 and o.
7
Let l(n) = -n**3 + 6*n**2 + 3*n - 6. Let g be l(6). Suppose -g = -5*w + 58. Calculate the highest common divisor of 70 and w.
14
Let o be (-4)/8*-6 - 4. Let k be (0 - o)*(6 + 1). Calculate the greatest common factor of 49 and k.
7
Let a(r) = -r**3 - 3*r - 1. Let y be a(-4). Let i = y + -68. Calculate the highest common factor of 56 and i.
7
Suppose -60*a + 1208 = -592. Let w(f) = 2*f**2 - f. Let y be w(-1). Suppose k - q + 15 = -6*q, y*k + 2*q = 20. Calculate the highest common divisor of a and k.
10
Suppose -3*n - z + 90 = z, -3*n + 87 = z. Suppose -n + 2 = -y. What is the highest common divisor of y and 286?
26
Let m = 83 - 27. What is the greatest common divisor of m and 56?
56
Let w(c) = -3*c + c - 6 + 0*c. Let q be w(-7). Suppose h - 12*r + 7*r = 40, 4*r = h - 40. Calculate the highest common factor of h and q.
8
Let v be (-1)/(2 + -3)*5. Suppose 14 = v*g + 4*z, 4*g + 3*z - z = 10. What is the greatest common divisor of 18 and g?
2
Suppose 8*p - 518 = -y + 3*p, -5*y = -3*p - 2562. Calculate the highest common factor of 27 and y.
27
Suppose -20 = -3*b + 19. Let y = 52 - 13. What is the highest common factor of y and b?
13
Let y be 2/4 + -3 + (-284)/(-8). What is the highest common divisor of 231 and y?
33
Let w = -184 - -296. Suppose q = -q + w. Suppose 3*s = -2*i - 8 + 56, 0 = -5*s - 3*i + 79. What is the greatest common factor of s and q?
14
Suppose -15 = -3*x - 6. Suppose -2*c = -6*r + x*r - 5, 2*c = -2*r + 10. Suppose c + 16 = v. Calculate the highest common factor of v and 5.
5
Let q = 0 - 3. Let f be (-11 - q)*(-1)/2. Suppose 2*y - 2*h = h + 11, -5*h = f*y - 11. Calculate the greatest common factor of 8 and y.
4
Let r be -64*1*(3 - (-339)/(-12)). What is the greatest common divisor of r and 16?
16
Suppose r = 32 - 2. Let u be 16/104 - (-1530)/26. Suppose -w = -4, -t = -0*t - 4*w - u. What is the greatest common divisor of t and r?
15
Suppose 5*k - 859 + 144 = 0. What is the greatest common divisor of 104 and k?
13
Suppose -2*t + 19 = 2*k + k, -4*k = 3*t - 26. Suppose t*y - 5*o = -2*y - 79, 4*y = -4*o - 88. Let s = y + 34. What is the highest common factor of 39 and s?
13
Let m be 4 - ((-17)/(-102) - (-22)/12). Let g be (1 + 2)/((-3)/(-4)). Suppose g = 4*k - m*k. Calculate the highest common divisor of 1 and k.
1
Let q be (-872)/(-12) + (-4)/6. Suppose 5*j - 5*v - 145 = 0, -4*v = 8 + 12. What is the greatest common divisor of j and q?
24
Let f = 14 - 10. Suppose -f*x = -6*x + 256. Calculate the greatest common divisor of x and 32.
32
Let i = -17796 - -17806. Let v = 12 + 8. What is the highest common factor of i and v?
10
Let g = 326 + -314. Calculate the greatest common divisor of 15 and g.
3
Let j(c) = -9*c + 3. Let g be 46/(-6) - 2/(-3). Let u be j(g). Let y = -91 - -97. Calculate the greatest common factor of u and y.
6
Let t(w) = -w**2 - 2 - 4 + 43*w - 32*w. Let i be t(10). Suppose -10 = 2*m, -i*m - m - 115 = -5*z. Calculate the highest common divisor of z and 9.
9
Suppose y + 0*v - 3*v = -15, 4*y + v = -8. Let q be 837/15 + y/(-15). Suppose j = -3*j + q. Calculate the greatest common factor of j and 154.
14
Let c = 1 - -1. Suppose 12*o - 318 = 54. Suppose -o = -3*d + c. What is the greatest common divisor of 55 and d?
11
Suppose -a + 5*a - 72 = 0. What is the highest common factor of 45 and a?
9
Let c = -397 + 514. Calculate the greatest common divisor of c and 143.
13
Suppose 59*q - 13*q - 644 = 0. Calculate the greatest common divisor of 938 and q.
14
Let l be (-52)/(-3)*3/2. Let u be (3 - 12/8)*l. Suppose -4*a + 7*a = u. Calculate the highest common factor of a and 52.
13
Let z be (-3)/(12/(-32)) - 2. Let n be (z + 0)*(-24)/(-9). Let g(s) = s**2 + 13*s - 22. Let q be g(-15). Calculate the greatest common divisor of q and n.
8
Let w(o) = 15*o - 300. Let x be w(22). What is the highest common factor of x and 115?
5
Suppose t + t + 4*d - 144 = 0, 0 = -t + 2*d + 92. Let h be ((7/(-1))/7)/((-2)/t). What is the highest common factor of h and 82?
41
Let c(h) = -h**3 + 14*h**2 + 9*h - 14. Let i(j) = j**3 - 6*j**2 - 4*j - 7. Let s be i(7). Let m be c(s). What is the highest common factor of 28 and m?
28
Suppose 0 = -96*u + 68*u + 33488. Calculate the highest common factor of u and 52.
52
Let q = 268 + -261. What is the greatest common divisor of 112 and q?
7
Let f(a) = -a**2 - 5*a + 1. Suppose 0 = k + 26 - 22. Let w be f(k). Let y(j) = 15*j + 5. Let i be y(w). What is the greatest common divisor of 10 and i?
10
Suppose -15 = 3*f + 3*r, -4*f + 3*f = -5*r - 7. Let u be f - -58 - 25/5. What is the greatest common factor of 75 and u?
25
Let x(q) = -q**3 - 2*q**2 + 6*q + 5. Let c be x(-4). Suppose 3*f - 13 = 2, 0 = o - 4*f + 7. Calculate the greatest common factor of c and o.
13
Let o = 18 - 5. Let g = 1580 - 1541. What is the greatest common factor of g and o?
13
Let h be (-8)/24 - 628/(-3). Suppose -h = -5*r + 31. Calculate the highest common factor of r and 6.
6
Let a(y) = 3*y - 2. Let r(f) = -f - 6. Let x = -19 - -10. Let j be r(x). Let m be a(j). Calculate the greatest common factor of m and 63.
7
Let r be (-794)/(-14) + -1 + 8/28. Suppose 2*b + r + 70 = 3*c, 4*b + 164 = 4*c. What is the highest common divisor of c and 11?
11
Let z(u) = -u**3 + 5*u**2 + u. Let o be z(4). Suppose 7*d - 5*d = o. Suppose 16*y = 12*y + 280. What is the highest common factor of y and d?
10
Let x be (0 + 80)*1/2. Let k be (39/(-6))/(3/(-6)). Let r = -3 + k. What is the highest common factor of x and r?
10
Let g = 215 + -199. What is the greatest common divisor of 72 and g?
8
Let y(s) = -22*s - 261. Let p be y(-14). Calculate the highest common factor of 47 and p.
47
Suppose 0 = 3*z - 2*d - 8 + 6, 2*z - 4*d + 4 = 0. Calculate the greatest common divisor of 9 and z.
1
Suppose 352 = 189*s - 181*s. Suppose q + q - 2*i - 136 = 0, q = 5*i + 76. Calculate the highest common factor of s and q.
22
Suppose -23*h + 9*h = -322. Let d = 153 - -100. Calculate the highest common factor of d and h.
23
Let d(u) be the second derivative of -7*u**3/6 + 3*u**2/2 + 2*u. Let t be d(4). Let b = -19 - t. Calculate the highest common factor of 48 and b.
6
Let l = 26 - 10. Let z(x) = 6*x**2 - 7*x + 7. Let r be z(3). Calculate the highest common factor of l and r.
8
Suppose -2*f = -t - 69, -5*f + 177 = -2*t + t. Let r be (-85)/(-4) + f/48. Calculate the greatest common divisor of r and 66.
22
Suppose 12*d - 7*d = 195. Let u be (-1287)/(-22)*4/3. Calculate the highest common factor of d and u.
39
Let b = -376 + 391. What is the greatest common factor of 6 and b?
3
Let f be 0 + (1258 - 4 - 0). Calculate the highest common divisor of 66 and f.
66
Let f(a) = 2*a - 4. Let z be f(-5). Let m = z - -18. Let c(l) = 34*l - 10. Let h be c(m). Calculate the highest common factor of 14 and h.
14
Suppose -x = -d - 5 - 29, 54 = x + 3*d. Let u(l) = l**3 + 3*l**2 - 6*l - 5. Let k be u(-4). Calculate the highest common factor of x and k.
3
Suppose 0 = -5*g - u + 1202, 5*g + u - 1210 = -4*u. Calculate the greatest common factor of g and 15.
15
Suppose -5*t + 6*t - 2 = 0. Let m(j) = 0 + 5 + 3*j + j**2 - 6. Let y be m(t). Calculate the highest common divisor of 3 and y.
3
Suppose 0 = -r + 4*r. Suppose 7 = -5*g - 3*i, 0 = -r*g - 3*g - 4*i - 13. Let w be (6 - 2)*(-4 - -5). Calculate the highest common factor of w and g.
1
Let x = 18 - 17. Let o(q) = 12*q + 2. Let l be o(x). Suppose -3*r + 9*v - 12*v + 159 = 0, 5*r - 2*v = 286. What is the greatest common factor of l and r?
14
Let c(a) = -a**2 - 15*a - 22. Let x be c(-11). Let n = x + -18. Let p = -11 + 15. Calculate the highest common divisor of n and p.
4
Let u = -672 - -677. Calculate the greatest common factor of u and 360.
5
Let x be (1 - -52) + (-8 + 6 - -4). Calculate the greatest common factor of 2365 and x.
55
Let v = -70 - -71. Let m = 10 + v. Calculate the greatest common factor of m and 77.
11
Suppose -212*s + 209*s = -351. Calculate the highest common factor of 54 and s.
9
Let j be 15/10 - (-6)/4. Suppose -3*s + 117 = -306. Suppose j*q - 5*t - 113 = -0*q, s = 4*q + 3*t. What is the greatest common divisor of 24 and q?
12
Suppose 0 = 2*h - 4, -3*p - 2*h = p + 1532. Let g be (-3)/6*-2 - p. Calculate the greatest common divisor of 35 and g.
35
Let h be (-831)/(-12) + 2/(